3 - 6*r**2 - c*r**2. What is s(-9)?
0
Let d(h) be the first derivative of -h**4/2 - h**2 - 5*h + 9843. What is d(0)?
-5
Let k = 1353 + -1302. Suppose -4*w + 28 = 3*j, 0*j + 3*j - 2*w = 4. Let y(n) = -k*n**2 + n + n**3 - 1 + j + 58*n**2 + 0*n. Calculate y(-7).
-4
Let h(d) = -2*d**2 - 39*d - 3. Let p = -6985 - -6966. Calculate h(p).
16
Suppose 23*t + 72 = 19*t. Let w be 4/t - 377/(-117). Suppose -12*s - 3 + w = 0. Let c(g) = -g**3 - g + 5. What is c(s)?
5
Let s(q) = 7271*q - 3663*q - 3666*q + 69. Determine s(1).
11
Let v(x) be the second derivative of -2/3*x**3 + 0 + 1/12*x**4 + 11*x - 5/2*x**2. Suppose 3*z = -z + 28. Give v(z).
16
Let f(a) be the second derivative of 5*a**3/6 - 59*a**2/2 + 1422*a. What is f(12)?
1
Let a(f) = f**2 - 13*f + 42. Let s be a(8). Let x(b) = -7*b + 7*b**2 - b**2 - 3 - 2*b**2 - 3*b**s. Give x(8).
5
Let c(f) be the second derivative of f**5/40 + f**4/12 - 13*f**3/6 + 29*f. Let a(z) be the second derivative of c(z). Let l be (-3)/2*(4 - 2). What is a(l)?
-7
Suppose -4*v - 4 = -4. Suppose -5*b = -v*d + 2*d - 76, -5*b = d - 73. Suppose 0*t + 5*q = -t - b, -4*t + 20 = q. Let c(r) = -r**2 + 4*r + 5. Determine c(t).
-7
Let v(z) be the third derivative of -z**6/60 - z**4/24 + z**3/6 - 2*z**2. Suppose -2*d + 4*m - 2*m = -14, 31 = 3*d - m. Suppose 13*t - 1 = d*t. What is v(t)?
-2
Let r(v) be the third derivative of 1/12*v**4 - 2/3*v**3 - v**2 + 0*v + 4. Give r(-5).
-14
Let f(z) be the third derivative of 1/24*z**4 + z**2 + 0 + 1/6*z**3 + 0*z. Suppose -13*a = -22*a. Determine f(a).
1
Suppose -10 = -5*y + 3*v, 4*y + 2*v - 8 = 5*v. Suppose y*c - 5*c = 0. Let j(r) be the second derivative of -r**3/6 + 11*r**2/2 + 533*r. Give j(c).
11
Let v(w) = w**2 + 2*w - 4. Let r be 4 - -4 - 6 - -28. Suppose 9*n = 14*n + r. Calculate v(n).
20
Let c(s) = 13*s - 185. Suppose 112 = -37*v + 97 + 496. Calculate c(v).
-16
Let f(j) = -j**2 - 14*j + 22. Let l be f(-15). Let w(y) = -14 - 3*y**2 + l*y**2 - 5*y - 3*y**2. Let r be w(7). Let b(i) = -i + 9. Calculate b(r).
9
Let o(p) be the second derivative of -p**5/60 + 17*p**2 + p + 4. Let w(n) be the first derivative of o(n). Calculate w(1).
-1
Let y be (8/20)/((-1)/(-30)). Suppose -4*d + y = -7*d. Let j(p) be the first derivative of p**3/3 - p**2/2 - 3*p - 492. Calculate j(d).
17
Let s(m) be the first derivative of m**4/4 - 11*m**3/3 + 16*m**2 - 68*m + 76. Give s(8).
-4
Let q = -807 - -803. Let f(m) = -43*m**3 - 3*m + m**2 - 3 + 83*m**3 - 39*m**3. Calculate f(q).
-39
Let h(d) be the second derivative of d**4/12 - 4*d**3/3 + 15*d**2/2 + 2*d - 299. Determine h(11).
48
Let t(r) = -2*r + 6*r**2 - 5*r**2 + 3*r + 1. Let s(y) be the third derivative of y**5/60 + y**4/8 - y**3/3 + 15*y**2. Let h(p) = s(p) - 2*t(p). Calculate h(3).
-10
Let z(j) = 5*j + 23. Let n(x) = -28*x - 116. Let d = -703 + 719. Let u(y) = d*z(y) + 3*n(y). Calculate u(4).
4
Let v(p) be the first derivative of 4*p - 9/2*p**2 + 1/3*p**3 - 42. Determine v(7).
-10
Let h = -57 - -57. Suppose 41*f - 2*z + 25 = 36*f, 4*z = h. Let s(j) = j**2 + 1. Let l(t) = -t**2 - t - 1. Let n(c) = 4*l(c) + 3*s(c). Calculate n(f).
-6
Let b(s) be the second derivative of 0*s**2 + 0 - s**3 + 34*s + 1/12*s**4. What is b(6)?
0
Let y(f) = f**2 + 54*f - 360. Let b be y(-60). Let p(q) be the first derivative of -q**4/4 - q**3/3 + 4*q + 2. Give p(b).
4
Let t be 0 + (-3 - -1 - -1). Let w(q) be the third derivative of -q**6/60 + q**5/60 + q**4/24 + q**3/6 + q**2 - 689. Calculate w(t).
3
Let k(w) be the third derivative of w**6/120 + 7*w**5/60 + 13*w**4/24 + 3*w**3/2 - 2*w**2 - 6*w + 7. Give k(-4).
5
Let q = 490 + -486. Let o(h) = 28*h**2 + 0 + 2*h - q - 27*h**2 + 2*h. Determine o(-5).
1
Let q(h) = -h**2 - 6*h + 7. Suppose 4*t = -2*i - 120, i - 2*i = -4*t - 108. Let n = 40 + t. Let p = 6 - n. Determine q(p).
7
Let m(k) = -3*k**3 + 7*k - 12. Let i(q) = -7*q**3 - q**2 + 15*q - 26. Let l(g) = 4*i(g) - 9*m(g). Let b = -12 - -9. Give l(b).
4
Let t = 4 - 7. Let d(o) = -40*o + 47. Let w(f) = -19*f + 22. Let i(z) = d(z) - 2*w(z). What is i(t)?
9
Suppose 3 = -5*o + 13. Let l(n) = -2*n + 5 - 3*n + n**o - 2*n**2. Determine l(-6).
-1
Let k = 52 - 36. Suppose k = -147*r + 139*r. Let z(d) = d**3 + 2*d**2 - 3*d - 3. What is z(r)?
3
Let s(r) = 6*r**3 - 14*r**2 - 53. Let f(c) = 5*c**3 - 14*c**2 + 2*c - 48. Let b(q) = -7*f(q) + 6*s(q). Give b(-15).
3
Let n(w) = -2*w - 36. Suppose 1971 = 2*t + 1985. Determine n(t).
-22
Let k(z) = -5*z + 6. Let q(r) = r**3 + 19*r**2 + 31*r - 73. Let j(w) = 3*k(w) + q(w). Calculate j(-18).
-19
Let b(n) be the second derivative of -n**5/20 + n**4/12 + n**3/3 - 13*n**2 - 2862*n. Determine b(0).
-26
Let n(z) = z**2 - 4*z + 1. Let u(g) = -g**3 + 5*g**2 - 12*g + 2. Let p(v) = 3*n(v) - u(v). Suppose 0*j = 5*w + 4*j - 26, 3*j - 4 = 4*w. What is p(w)?
1
Let q(d) be the first derivative of d**3/3 + d**2 - 54*d + 6207. Give q(-10).
26
Let a(d) = -23*d + 1190. Let k be a(52). Let b(g) = -g**3 - 6*g**2 + 3*g + 3. Determine b(k).
-15
Let w(a) = 0 + 0 - a - 4. Suppose 0 = -3*d + 6*v + 45, 5*d = d - 4*v + 84. Suppose -3*y - s + 38 = d, -17 = -5*y + 2*s. Determine w(y).
-9
Suppose 20 = 9*v - 14*v. Let t(o) be the third derivative of 7*o**5/120 - 4*o**3/3 - 28*o**2. Let z(d) be the first derivative of t(d). What is z(v)?
-28
Let x(y) be the third derivative of 7*y**4/24 + y**3/2 - 1485*y**2. Calculate x(-5).
-32
Let v(o) = -4*o**2 - 68*o + 2. Let k(r) = -10*r**2 - 168*r + 5. Let x(a) = -5*k(a) + 13*v(a). Determine x(-22).
1
Let t(g) be the third derivative of 3*g**6/20 + g**2. Suppose 5*b + 393*i = 394*i - 3, -4*b - 4*i - 12 = 0. Determine t(b).
-18
Suppose 4*f + 4*q = 20, -3*f + 17 = -0*f + 2*q. Suppose 0 = 8*i + f - 55. Suppose i*s = -4*s - 70. Let p(r) = -r**3 - 7*r**2 + 2*r + 5. Calculate p(s).
-9
Let m(g) = 2*g**2 + 30*g**2 - 33*g**2 - 1. Suppose 13*p = -1 + 40. Determine m(p).
-10
Let o be (18/27)/((-1)/(-9)). Let u(w) be the first derivative of 3*w**2/2 - 13*w - 146. Calculate u(o).
5
Suppose -19*c - 19*c - 209 - 361 = 0. Let t(w) = w**3 + 15*w**2 + 2*w + 25. Calculate t(c).
-5
Let l(t) = -5*t + 140. Suppose 10*n - 224 = 46. Let o be l(n). Let s(j) = -j + 2*j + j**2 - 7 + 0*j. Determine s(o).
23
Let n(g) be the second derivative of g**5/120 - g**4/24 - 13*g**3/6 - 5*g**2/2 + 4*g - 24. Let p(c) be the second derivative of n(c). Give p(3).
2
Suppose 4*z + 4*c + 43 = -1, -2*z = -5*c + 8. Let s = z + 0. Let u(m) = m**3 + 8*m**2 - 6*m + 10. Determine u(s).
-17
Let c be (-5)/(-4) - (-9)/(-36). Let y(g) = -3*g**2 - g + 1. Let m(w) = -4*w**2 - 6*w + 3. Let h(o) = c*y(o) - m(o). Determine h(-4).
-6
Suppose 4*z = -2*j + 18, 0 = 4*z + 10 - 18. Suppose -33 = j*n - 43. Let a(o) = -o**3 - 2*o + 2. What is a(n)?
-10
Let w(v) be the first derivative of 2*v**3/3 + v**2/2 + 4*v - 9. Let l(x) = 69*x + 66. Let i be l(-1). Give w(i).
19
Let x(o) = -o + 331 + 341 - 954 + 308 + 0*o. What is x(-22)?
48
Let r(u) = -9*u - 81. Let l be ((-1188)/154 - -8) + 130/(-14). What is r(l)?
0
Let c(p) = -p**3 - 4*p**2 + 6*p + 3. Let j = 15 + -10. Let k be (2/j*-1)/(15/(-150)). Suppose -13 = k*t + 7. Determine c(t).
-2
Let t(i) = -i**3 - 27*i**2 - 2*i - 32. Let u be t(-27). Let r(b) = u + 0*b - 10 + 4*b - 15. What is r(4)?
13
Let h = 67506 + -67502. Let r be (9/(-6))/((-6)/4). Let i(k) = 7*k - 4. Let d(p) = -1. Let u(v) = r*i(v) - 3*d(v). Give u(h).
27
Let r(d) = -d**3 + 12*d**2 - 13*d + 155. Let s(x) = 5*x + 227. Let n be s(-43). Let j be r(n). Let i(l) = 11*l**3 - l**2. Give i(j).
-12
Let j be 0 + -1 - (-16 + 13). Let y be (j/(-3))/(8/(-72)). Let r(f) = 2*f - 87*f**2 - 7*f + f**3 + 7 + 82*f**2 - 4*f. What is r(y)?
-11
Let o = -28343 - -28341. Let g(i) = 38*i + 68. Determine g(o).
-8
Let v = -105 + 97. Suppose 8*n + 17 = -15. Let z = n - v. Let t(b) = b. What is t(z)?
4
Let j(z) = 2*z**2 - 35*z + 5. Let p(t) = -2*t**2 + 34*t - 7. Let q(o) = 4*j(o) + 5*p(o). Give q(13).
37
Let s(t) = 59*t**2 + 71*t + 71. Let o(a) = 17*a**2 + 23*a + 24. Let d(m) = -7*o(m) + 2*s(m). Give d(-17).
8
Let i(w) = -w**2 + 2*w - 4. Suppose -177 = 8*d - 673. Suppose -10 = -8*z + d. Suppose -z = -2*j - 3. Determine i(j).
-7
Let w = -268 + 273. Suppose 0*a + 4*a - 20 = -4*p, -2*p - 25 = -w*a. Let k(x) = x**3 + x - 6. Calculate k(p).
-6
Let u(m) be the third derivative of 2*m + 0 - 1/24*m**4 + 30*m**2 + 1/60*m**5 + 1/2*m**3. Let o be (